(q) = 6*q + 2 - 3*q**2 - q - q**3 - 3*q + 0*q. Give s(k).
10
Let s(m) = 7584 - 3846 - 3810 - 8*m. What is s(-10)?
8
Let i(n) be the first derivative of -n**4/24 + 7*n**3/6 - n**2/2 - 2. Let m(f) be the second derivative of i(f). Let s = -570 + 570. Determine m(s).
7
Let q(m) = 3*m + 84. Let k be q(-28). Let b(z) = z + 11. Calculate b(k).
11
Let h(n) = -5*n - 2. Let l = 1303 - 1303. Give h(l).
-2
Suppose -6*m - 2 = -7*m. Let a(u) = -5*u**2 + 3*u - 5 + 7*u**m + 2. What is a(-3)?
6
Let p(x) = -x**3 - 4*x**2 + 2. Let u be p(-4). Suppose -u*t - 14 = 5*w, -t + w + 19 = 4*t. Let y(l) = l**3 - t + 3*l**2 + 1 - 8*l**2 - 2 + 6*l. What is y(4)?
4
Let c(l) = -2*l - 17. Let k(h) = h + 1. Let a(d) = c(d) + 5*k(d). Determine a(6).
6
Suppose 6 = 4*d + 5*f, -13 = 2*d + d - 5*f. Let k be d/3 - (-75)/(-45). Let x(j) = -17*j - 4. Let a(n) = -8*n - 2. Let q(u) = -13*a(u) + 6*x(u). Give q(k).
-2
Let u(j) = -j - 5. Let q = -85 + 88. Suppose -25 = 5*c + 5*z, 0*z = q*c + 2*z + 16. What is u(c)?
1
Let j(a) = -48*a**2 + 4 - a**3 - 40*a**2 - 3*a + 90*a**2. Give j(3).
-14
Let k(a) = -469*a + 1 + a**2 + 471*a + 1. Suppose s + 0 = -2. Give k(s).
2
Let x(p) = p**2 - 10*p - 9. Let n be x(11). Let u(z) = -7*z**3 - z**2 - n*z**3 + 3*z**3 + 1 + z. Give u(-1).
5
Let d(a) be the third derivative of -11*a**6/120 - a**4/24 + 21*a**2. Suppose 0 = -3*h + 3*r + 9, r + 7 = 3. What is d(h)?
12
Suppose -2*k - 10 + 3 = a, -2 = 4*a - 5*k. Let g be a/((-1)/2*-3). Let i(p) be the first derivative of -p**4/4 - p**3 - p**2 + 2*p + 4. Calculate i(g).
2
Let o = 266 + -263. Let h(t) = 3*t**2 - t - 2. What is h(o)?
22
Let u(z) = -13*z**2 + 2*z - 1. Let n = -69 - -70. Give u(n).
-12
Suppose -1 = -f - 0*f + 2*y, 5*f + 3*y = 5. Let j(o) = -o**2 - 8*o - f - 3 - 1 + 3. Calculate j(-9).
-11
Let z(i) = -i**3 - 7*i**2 + 11*i - 7. Let h be z(3). Let x be (-1 - (-2 + -3))*(-48)/h. Let o(y) = 2*y - 4. What is o(x)?
2
Let i(z) be the first derivative of z**5/120 - 5*z**4/8 + 17*z**3/3 - 17. Let p(q) be the third derivative of i(q). What is p(0)?
-15
Let u be (-180)/85 + (-6)/(-51). Let w(y) = y**2 + 2*y + 1. Let h(m) = -3*m**2 - 4*m. Let k(s) = h(s) + w(s). What is k(u)?
-3
Let p be -3 + -2 - (4 + -12). Let o be ((-40)/30)/(-1*(-1)/p). Let z(q) = -q**3 - 5*q**2 - 5*q - 6. What is z(o)?
-2
Let x = -134 + 135. Let g(p) = -2*p - 2*p - 1 + p. Determine g(x).
-4
Let d(p) = -2*p + 3*p - 7951 + 7942. What is d(10)?
1
Suppose -16572*w + 16599*w = -54. Let q(r) = r + 3 - r + 3*r. Give q(w).
-3
Suppose 5*n = 2 + 8. Let t(v) = -v**2 + 2*v - 2 - 7*v - v + n*v. Let m be t(-2). Let g(z) = -z**2 + 2*z - 3. Calculate g(m).
-3
Let o(u) = u + 3. Suppose 2*m = -0 + 14. Let d(h) = -2*h + 11. Let p be d(m). Give o(p).
0
Let k(t) = -t**2 - 7*t - 3. Let u be k(-6). Suppose q = -0*q + u. Let f(y) be the first derivative of y**3/3 - 3*y**2/2 - 4*y - 1. What is f(q)?
-4
Let u = 31 - 22. Let x = 15 - u. Let c = x + -11. Let s(f) = f**2 + 4*f + 5. Give s(c).
10
Let v(n) = 2*n - 2. Suppose 0 = 59*u + 22*u - 81. Give v(u).
0
Let h(g) = -7*g**3 + g**2 - 3*g - 5. Let b(v) = 16*v**3 - 4*v**2 + 7*v + 9. Let d(n) = 3*b(n) + 7*h(n). Give d(-5).
-8
Suppose -12*f - 15 = -15. Let y(h) be the second derivative of -1/12*h**4 - 5*h**2 - 1/6*h**3 - 2*h + f. What is y(0)?
-10
Let c(y) be the second derivative of y**4/12 + 7*y**3/3 + 9*y**2 + 12*y. Let v be c(-12). Let m be (-8)/(-6) - 10/v. Let i(t) = 2*t**2 - 3*t - 4. Give i(m).
5
Let v be (-14)/10 + 32/80 + 10. Let g(r) = -2*r + 1. Give g(v).
-17
Suppose 7*g - 4*g - 66 = 0. Let r = g + -20. Let x(w) be the third derivative of -w**5/15 + w**4/8 - w**3/6 + 7*w**2. Determine x(r).
-11
Let n(p) = -1 - 25*p - p + p**2 + 0 + 25*p. What is n(-4)?
19
Let z(v) = v**2 + 19*v + 36. Let m be z(-17). Let w(r) = -6 - 3 - 6*r + 12. What is w(m)?
-9
Let r(a) = a**3 - 5*a**2 + 4*a - 1. Let w(l) be the first derivative of l**4/4 + 5*l**3/3 + 3*l**2/2 - 2*l + 44. Let x be w(-2). Determine r(x).
-1
Let z = 24 + -24. Let p(c) = c**2 - 2*c + 8. Let t be p(z). Let l be ((-2)/3)/(t/48). Let m(u) = u**2 + 5*u + 4. Calculate m(l).
0
Let h(f) be the second derivative of -f**5/60 - 3*f**4/8 + 4*f**3/3 + 39*f**2/2 - 10*f. Let s(l) be the first derivative of h(l). Determine s(-10).
-2
Suppose 0 = t - 3*a - 2, 5 = 6*a - a. Let v(x) be the second derivative of x**3/2 + 5*x**2/2 + 7*x + 4. Calculate v(t).
20
Let n(d) be the third derivative of -1/6*d**3 + d**2 + 3 - 1/30*d**5 + 0*d + 5/24*d**4. Suppose 4*w + 12 = -0*m + 4*m, 5*w = 3*m - 7. Determine n(m).
-13
Let o be 2/7 - 19/(-7). Suppose 3 + 21 = o*a. Let h(i) = -4*i**2 + a*i**2 - i**3 - i + 8*i. Give h(5).
10
Let n(i) be the third derivative of 14*i**2 - 1/60*i**5 + 0*i + 3/2*i**3 - 1/3*i**4 + 0. What is n(-7)?
16
Let f(b) be the second derivative of 4*b**2 + 2*b + 0 - 1/6*b**3. Suppose -5*m + 25 = 5*c, -2*c = -m + 4*m - 15. Give f(c).
8
Let l(y) = 7*y**3 + 10*y**2 - 12*y - 1. Let k = -24 + 29. Let h(a) = -11*a**3 - 15*a**2 + 18*a + 1. Let s(j) = k*h(j) + 8*l(j). What is s(-6)?
-3
Let l be -4*(2/(-1) - -1). Let f(n) = n**2 - 1. Let w(v) = -v**3 - 2*v**2 + 7*v - 3. Let i(p) = l*f(p) - w(p). What is i(-7)?
-1
Let v(u) = -6*u + 1. Let n = 25 - 21. Suppose -g = n - 26. Suppose 5*x - g = -3*m - 4, 0 = 3*x - 9. Determine v(m).
-5
Let x(q) = -44*q + 99*q - 47*q + 3. What is x(-3)?
-21
Let m(f) = -f**3 - 7*f**2 - 8*f - 8. Let j be (-4)/(-18) - (-304)/9. Suppose -8 = -5*t - 4*u - j, 3*u + 15 = -3*t. What is m(t)?
4
Suppose -7 + 57 = 25*w. Let o(a) = -3*a**2 + 3*a - 1. Give o(w).
-7
Let x(z) = -9*z + 0 + 20*z + 4 - 8*z. Suppose 5*r - 4*m = 0, 5*r - 2*m + 0*m = -10. Give x(r).
-8
Let p(t) = -2*t - 53*t**2 + 54*t**2 + 3 + 4*t. Let x(i) = i**3 + 5*i**2 - 7*i - 11. Let r be x(-6). What is p(r)?
18
Let d(o) = -10*o. Let s(m) = -m. Let i(x) = d(x) - 15*s(x). Let g be ((-108)/(-18))/(((-18)/2)/(-3)). Give i(g).
10
Suppose 3*g - 7 = -28. Let s(j) = 23*j**2 - 5*j - 23. Let y(n) = -6*n**2 + 4. Let r(d) = -s(d) - 4*y(d). Calculate r(g).
21
Let v(u) be the third derivative of u**6/120 - u**5/10 + u**4/4 + u**3/6 - 135*u**2. Let f(a) = 2*a - 5. Let q be f(5). Give v(q).
6
Let d(z) be the first derivative of z**2 - 17*z - 8. Let i be d(11). Suppose -2*h + i*h = 12. Let b(t) = -t**2 + 8*t - 1. Determine b(h).
15
Let v(j) be the third derivative of j**6/120 - 7*j**5/60 + j**4/4 - j**3/2 + 7*j**2. Let l = 30 - 24. Calculate v(l).
-3
Suppose 37*w - 35*w = -30. Let b(n) = -n**2 - 17*n - 20. Calculate b(w).
10
Suppose 0 = 5*t - 3*a - 18, 2*t - t = 3*a + 6. Suppose -5*k - 10 = 5*p, -k - 4 = 3*p - 2. Let o(l) = 1 + t - 5 + 6*l + p. Calculate o(-1).
-7
Let t(b) be the first derivative of -7 + 3*b + 1/3*b**3 - b**2. Calculate t(5).
18
Let f(v) = v + 1. Let l(r) be the second derivative of 17/6*r**3 + 0 - r + 5/2*r**2. Let w(i) = -4*f(i) + l(i). Give w(-1).
-12
Let x(d) = -d**3 - 2*d**2 + d - 3. Let j(o) = 3*o + 35. Let n be j(-11). Suppose 0 = -n*g + 3*g + 3. What is x(g)?
3
Let l be (-6)/33 + (2 - 1743/33). Let v = -45 - l. Let k(n) = -n**3 + 6*n**2 - n + 6. Calculate k(v).
0
Let r be (-8)/(-36) - 102/(-27). Let s(i) = i**3 - 4*i**2 + 3*i - 5. Give s(r).
7
Let v(t) = t**2 + 4. Let w(l) = -l**2 - l - 5. Let o(d) = 4*v(d) + 3*w(d). Suppose 14*y - 6*y + 16 = 0. Let h be 7/1*16/28 + y. Calculate o(h).
-1
Suppose -82 = 3*b - 4*f, 4*b - 5*f + 86 = -22. Let w = b - -17. Let a(l) be the first derivative of -l**4/4 - 2*l**3 - 2*l**2 - l - 2. Determine a(w).
-6
Let y(u) = -u**3 - 12*u**2 - 11*u - 11. Suppose -4*k = -5*f - 67, 2*f - 2*k = 7*f + 49. Determine y(f).
-11
Let f(b) = 2*b + 1. Let i(c) = -2. Let v(q) = -f(q) + 3*i(q). Give v(-5).
3
Suppose 0 = -5*a - 4 - 41. Let l be ((-4)/12)/(3/a). Let t(j) = -8*j + j + j**2 - l + 3. Calculate t(5).
-8
Let o = 21 + -18. Let t(g) = 5*g + 6*g**2 - 1 + 42*g**3 - 85*g**3 + 44*g**o. Suppose 4*z = 5*z + 4. What is t(z)?
11
Suppose 6 = x - 4*x. Let y(k) = k**2 - 3*k**2 + 1 + 4*k - k**2 - k. Let a(h) = -7*h**2 + 7*h + 2. Let b(m) = x*a(m) + 5*y(m). Give b(3).
-5
Let p(w) = -11*w + 18. Let z(l) = -21*l + 31. Let n(f) = -5*p(f) + 3*z(f). What is n(-4)?
35
Let p(c) = -c**3 + 9*c**2 - 12*c - 9. Let u be p(7). Suppose 2*n - 20 = -3*n. Let j(l) = 3 - n*l + 0*l + 2 + 3*l. Give j(u).
0
Let s(f) be the second derivative of -1/2*f**2 - 6*f + 1/12*f**4 - 1/10*f**5 + 0 - 1/6*f**3. Give s(-1)